 -17. Let a be y(c). Calculate m(a).
-6
Let h = 2 + 1. Suppose 2*f = -5*m + 4, m + 5*f - 13 = -h. Let o(t) be the second derivative of -t**5/20 + t**2/2 + 751*t. What is o(m)?
1
Let w(f) = -f**2 + 2. Suppose 5*u - 200 = -3*u. Let c = u + -21. What is w(c)?
-14
Let k(r) = -4 + 4 - 1 - 37*r. What is k(1)?
-38
Suppose 3*j + b - 86 = 0, -3*j + 5*b - 2 = -58. Let f = j + -25. Let m(c) = -f*c - 7*c + 14*c - 4*c + c**2. Calculate m(-1).
0
Let a be ((-1)/3)/(5/(-105)). Suppose g = -a + 6. Let z(y) = 10*y**3 - 2*y**2 - y. Give z(g).
-11
Suppose 3*z = z + 8. Suppose l = z*r + 7, -3*l + 0*r + 6 = 3*r. Let x(f) be the third derivative of -f**6/120 + f**5/20 + f**4/8 - f**3/2 - 8*f**2. Give x(l).
6
Let m(k) = 4 + k**3 - 7*k + 2 + 4*k**2 + 3*k. Let w(q) = q**3 - 13*q**2 - 48*q. Let p be w(16). Suppose -s - z = 1 + 3, 3*z - 3 = p. Determine m(s).
1
Let p(u) be the second derivative of u**8/3360 + u**7/840 - u**6/180 + u**5/120 + 11*u**4/6 + 10*u. Let f(c) be the third derivative of p(c). Determine f(-3).
-14
Let y(l) be the first derivative of -1/120*l**5 + 1/8*l**4 + 5/3*l**3 + 5 + 0*l + 0*l**2. Let s(g) be the third derivative of y(g). Determine s(4).
-1
Let x(d) be the second derivative of -d**3/2 + 3*d**2/2 + 10*d. Let h = -2 + 5. Suppose h*m + 6 = -3. Give x(m).
12
Let o(k) = k + 14. Let y be o(-8). Suppose -y*z = -25 - 5. Let v(h) = -h**2 + 6*h - 5. Give v(z).
0
Let w(s) = -2*s - s + 2*s - 3. Let t(u) = 1. Let c(k) = 3*k - 28. Let f(l) = c(l) - 4*t(l). Let h be f(9). What is w(h)?
2
Let a(i) = 5*i**3 - i**2 + i + 1. Let n(c) = 2*c + 3. Let y be n(-2). Let t be a(y). Let w(d) = 0*d**2 + 0*d**2 + d**2 + 5*d - 9 + 3. Determine w(t).
0
Suppose -35*z - 507 + 17 = 0. Let l(q) = 3*q + 35. Determine l(z).
-7
Let s(w) = -8*w + 1. Suppose -9 = -4*y + t + 1, 4*y = -5*t - 2. What is s(y)?
-15
Let s(q) be the first derivative of -15 - 1/3*q**3 + 5*q + 1/2*q**2. Calculate s(0).
5
Let b be (-68)/(-12) + 2/(-3). Let q(p) = -p**2 - 8*p + 7*p + b*p + 6. Calculate q(6).
-6
Suppose -9*x - 61 = -52. Let h(b) = 7*b + 3. Determine h(x).
-4
Let w(i) be the second derivative of i**5/20 - 7*i**4/12 + 2*i**3/3 + 2*i**2 - 6*i. Let j be w(4). Let x be 2/(92/j + 3). Let c(z) = -z**2 - 9*z - 8. Give c(x).
6
Let a(i) = -i**3 + 5*i**2 + 7*i - 7. Suppose -4*g = 4*t - 12, -4*g = -3*g + 3*t - 7. Suppose 2*v - 3*v = 5. Let o be (-7 + v)/(-3 + g). Determine a(o).
-1
Let b(a) be the second derivative of -a**3/2 - 33*a**2/2 + 32*a + 5. Give b(-15).
12
Let l(y) be the first derivative of -y**3/3 + 5*y**2/2 - 3*y + 91. Determine l(3).
3
Let i = -28 - -72. Let y(g) = 27*g + 22*g - i*g - 1. Determine y(1).
4
Let o(g) = 2*g + 4*g + 2*g**2 + 9 - 15. Let d(c) = -c**2 - 3*c + 3. Let i(l) = -13*d(l) - 6*o(l). What is i(-5)?
7
Let j(i) = -3*i + 7. Let o be (-57)/(-6) - (-3)/(-6). Let l = o - 5. Let u be -5 + l - (-7 - -1). Calculate j(u).
-8
Let u = 89 - 32. Let q = u + -63. Let s(y) = -y**2 - 2*y. Give s(q).
-24
Let k(f) = 5*f**3 + 1 - f + 3*f - 3*f**3 - f**3 - 5*f. What is k(3)?
19
Let h = -14 + 6. Let k = 16 + h. Let m be (1/3)/(k/72). Let p(i) = -2*i - 4. Calculate p(m).
-10
Suppose -36*y + 32*y - 20 = 0, 4*b - y = 81. Let i(k) = k**3 - 19*k**2. Calculate i(b).
0
Let m(d) be the second derivative of 2*d**3/3 + d**2/2 - 3*d. Let g(c) = 2*c**3 - 5*c**2 + c + 3. Let a be g(2). Give m(a).
5
Suppose 0 = -2*c - o - 66, c - 4*o = -0*c - 24. Let r = -32 - c. Let i(w) = -7*w - 5. Let d(t) = t + 1. Let u(h) = 6*d(h) + i(h). Calculate u(r).
1
Suppose 2*o - 5*o = 3, 3*s = 5*o - 28. Let t = -6 - s. Let h(q) = 3 + 3*q - t - 4*q + 0*q. Give h(-5).
3
Let s(v) be the third derivative of v**6/360 - v**5/40 - 3*v**4/4 + 4*v**2. Let m(t) be the second derivative of s(t). Determine m(2).
1
Let r(j) = 4 - 5*j**3 - 2*j - 13*j**2 + 15*j**2 - 6 + 3. Let h be r(1). Let m(o) = 3*o - 3 - 7*o + 3*o. Determine m(h).
1
Suppose -40 = -4*k - 4*l, 5*k + 0*l - 5*l - 10 = 0. Let p be 3 + 3 + (-2 - 0). Let f(s) = 5*s + p - 4*s + s - 4*s. What is f(k)?
-8
Suppose 2*k = 5*k. Suppose k = -0*q + 3*q + 9. Let i(f) be the first derivative of -f**2/2 - 6*f - 4. Calculate i(q).
-3
Let t = -115 + 124. Let q(p) = 2*p - 11. Give q(t).
7
Suppose -19 = -3*q + 5*j, 17*q = 16*q + 5*j + 3. Let o(k) = k**2 - 8*k - 9. What is o(q)?
-9
Let y(z) = z + 1. Let j be y(3). Suppose -2*c = 2*l - 8, c - 6 = -4*l + j. Let t(g) = -8*g + 2*g + 6 + 4*g**2 - 3*g**l. Determine t(4).
-2
Let s be 1/(((-8)/2)/12). Let r be -3 + (-9)/s - 3. Let b(p) = -p**2 - 2*p + 3. What is b(r)?
0
Suppose -8*t = -14*t + 4*t. Let x(f) be the first derivative of f**4/4 - f**3/3 - 8*f + 2. What is x(t)?
-8
Let n(p) = 0*p**2 + p + 0*p**2 - 3*p**2 + 0*p**2 + 2 + 4*p**2. Determine n(-6).
32
Let c(r) = -653*r + 4 + 3*r**2 + 1303*r + r**3 - 656*r. Calculate c(-5).
-16
Suppose 8 - 2 = 3*j. Let r(f) = -3*f + f + 1 + 2*f**2 + 0*f**j + 4*f. Let a(p) = p**2 - 8*p + 10. Let v be a(6). Calculate r(v).
5
Suppose 0 = -3*t - 4*t - 28. Let h(l) = 3*l**3 + l**2 + 2*l. Let o(g) = -5*g**3 - 2*g**2 - 4*g. Let k(n) = t*o(n) - 7*h(n). What is k(-2)?
8
Let z(s) = -s**2 - s - 15. Let l(f) = -f**3 - 5*f**2 + 37*f - 4. Let r be l(4). What is z(r)?
-15
Let t be (6 + -5 + (-3 - 0))*-3. Let r(z) = 4*z - 9. Calculate r(t).
15
Let l(d) = -2*d + 30. Let s(w) = -3*w + 46. Let t(v) = -8*l(v) + 5*s(v). What is t(6)?
-4
Suppose 1 = 3*r - 5. Suppose -3*a + 16 + 2 = 2*f, 0 = -2*f + 2*a - 2. Let i(q) = 10 - q**3 - 12 - q**r + f*q + 4. Give i(-2).
0
Let f(q) = -5*q**2 + q - 3. Let y(j) = 12*j**2 - 2*j + 8. Let i(c) = 5*f(c) + 2*y(c). Calculate i(-3).
-11
Let x = -6 + 4. Let v be 1/1*-7 - x. Let r(f) be the second derivative of f**4/12 + f**3/2 - 2*f**2 + f. Calculate r(v).
6
Let v(k) = k - 1. Let j(t) = 3*t. Let z(q) = -2*j(q) + 5*v(q). What is z(4)?
-9
Let p(q) be the third derivative of q**4/24 - 5*q**3/6 + 9*q**2 - 13*q. Determine p(3).
-2
Let m be (-1 + 0)*(2 + -3). Let o(c) = 3 - 2 - 48*c**2 + 46*c**2. What is o(m)?
-1
Let m(n) = -15 + 50 - 2*n - 39. Let p be ((-21)/(-12))/(1/(-4)). Give m(p).
10
Let z(i) = 8*i**3 + 19*i**2 - 8*i - 41. Let l(j) = 3*j**3 + 6*j**2 - 3*j - 14. Let m(d) = -11*l(d) + 4*z(d). Calculate m(10).
0
Let g(u) be the second derivative of -u**6/120 - u**5/12 + u**4/6 - u**3/3 - 7*u**2 - 3*u. Let c(t) be the first derivative of g(t). Determine c(-6).
10
Let o(j) = -7*j**2 + 2*j + 11. Let z(q) = 2*q**2 - 1. Let a(k) = o(k) + 5*z(k). Give a(3).
39
Let y be (-1 - -10) + 4 - 10. Let n(r) = 5*r**2 - 5*r + 7. Determine n(y).
37
Let m(k) = -11*k**2 - k - 56 - 16*k**2 - 2*k + k + 112 + k**3. Give m(27).
2
Let f(u) = -3*u**3 + 3*u**2 + 4*u - 29. Let m(k) = 2*k**3 - 2*k**2 - 3*k + 18. Let d(p) = -5*f(p) - 8*m(p). Let a(n) = n + 9. Let q be a(-6). Calculate d(q).
-5
Let s(o) be the second derivative of o**5/10 - 11*o**4/6 + 19*o**3/6 + 5*o**2 - 61*o. Give s(10).
0
Let a(v) be the third derivative of -v**7/5040 + v**6/360 + 23*v**5/60 + 41*v**2. Let g(t) be the third derivative of a(t). Determine g(4).
-2
Let s(c) = -2*c + 1. Let b be s(2). Suppose v + 12 = 5*v. Let h(w) = 2*w - 3 - 2*w**2 + v*w**2 + 0*w**2 + w. Calculate h(b).
-3
Let p = 68 - 68. Let f(d) be the second derivative of d**5/120 - d**4/12 + 7*d**3/6 - 3*d. Let u(t) be the second derivative of f(t). Determine u(p).
-2
Let o(v) be the second derivative of v**3/6 + 7*v**2/2 + 2*v + 5. Give o(13).
20
Let a(f) = 47*f**2 - 41*f**3 - 39*f**2 + 40*f**3 - 4 - 2*f. Determine a(6).
56
Let j(o) = -52*o - 20. Let d(c) = 121*c + 41. Let l(s) = -3*d(s) - 7*j(s). What is l(-5)?
12
Let x(a) = -a**2 - 7*a. Let f(w) = -w**3 - 18*w**2 - 32*w - 5. Let u be f(-16). What is x(u)?
10
Suppose -13 = 5*o - 18. Let k be 6/(0 + o) + -3. Suppose k*n = -5*u + 2*u + 15, -3*n - 3 = 0. Let r(t) = -t**2 + 7*t - 5. Calculate r(u).
1
Let p(c) = -18*c**3 - 15*c**2 - 17*c + 9. Let f(u) = -29*u**3 - 22*u**2 - 25*u + 13. Let l(g) = -5*f(g) + 8*p(g). Determine l(11).
7
Let h(n) = -10*n**2 - 4*n + 22. Let c(d) = 3*d**2 + d - 7. Let i(o) = 7*c(o) + 2*h(o). Let k be -12 - -1 - (-18 - -7). Calculate i(k).
-5
Suppose -5*l + 3*g + 39 - 102 = 0, -2*l - 22 = 2*g. Let m(a) = -a**3 - 14*a**2 - 24*a + 4. Calculate m(l).
4
Let z be 0 + -1 - (3 + -6). Let f(p) = p - 2. Let v(s) = -1. Let t(m) = z*v(m) + f(m). Give t(4).
0
Let t(c) be the first derivative of -c**3/3 + 5*c**2/2 + 8*c - 4. Let n be t(6